igit of 181032?
2
What is the thousands digit of 680793?
0
What is the hundred thousands digit of 13192051?
1
What is the thousands digit of 561529?
1
What is the units digit of 168367?
7
What is the ten millions digit of 13811635?
1
What is the hundreds digit of 359940?
9
What is the ten thousands digit of 4764962?
6
What is the ten thousands digit of 113394?
1
What is the hundreds digit of 7813?
8
What is the units digit of 1547218?
8
What is the ten thousands digit of 1008601?
0
What is the ten thousands digit of 8721710?
2
What is the ten thousands digit of 579056?
7
What is the hundreds digit of 57358?
3
What is the thousands digit of 185159?
5
What is the units digit of 647663?
3
What is the thousands digit of 5913985?
3
What is the ten thousands digit of 607383?
0
What is the thousands digit of 2136140?
6
What is the millions digit of 12055553?
2
What is the hundred thousands digit of 578445?
5
What is the ten thousands digit of 197489?
9
What is the millions digit of 11887245?
1
What is the hundred thousands digit of 111285?
1
What is the ten thousands digit of 6840253?
4
What is the thousands digit of 720035?
0
What is the units digit of 3517069?
9
What is the units digit of 795490?
0
What is the hundreds digit of 456597?
5
What is the millions digit of 1990484?
1
What is the tens digit of 8098196?
9
What is the units digit of 656792?
2
What is the tens digit of 5639542?
4
What is the hundreds digit of 221280?
2
What is the tens digit of 6289964?
6
What is the ten thousands digit of 5089111?
8
What is the tens digit of 421929?
2
What is the units digit of 2930414?
4
What is the ten thousands digit of 738487?
3
What is the hundred thousands digit of 3829980?
8
What is the units digit of 4521938?
8
What is the units digit of 4426019?
9
What is the units digit of 986335?
5
What is the tens digit of 84887?
8
What is the thousands digit of 799708?
9
What is the hundred thousands digit of 557491?
5
What is the millions digit of 1451658?
1
What is the hundred thousands digit of 358877?
3
What is the ten thousands digit of 275534?
7
What is the hundred thousands digit of 562636?
5
What is the millions digit of 4675574?
4
What is the thousands digit of 135676?
5
What is the hundreds digit of 29331331?
3
What is the thousands digit of 11730923?
0
What is the thousands digit of 6311717?
1
What is the hundreds digit of 117691?
6
What is the tens digit of 216921?
2
What is the hundred thousands digit of 1416995?
4
What is the units digit of 3271894?
4
What is the hundreds digit of 199125?
1
What is the thousands digit of 576062?
6
What is the tens digit of 17095196?
9
What is the ten thousands digit of 6576243?
7
What is the hundred thousands digit of 865857?
8
What is the thousands digit of 10203724?
3
What is the hundred thousands digit of 188953?
1
What is the units digit of 1459775?
5
What is the hundred thousands digit of 473413?
4
What is the tens digit of 325064?
6
What is the ten millions digit of 14280129?
1
What is the units digit of 27248?
8
What is the ten thousands digit of 1172368?
7
What is the ten thousands digit of 508373?
0
What is the units digit of 2017990?
0
What is the ten thousands digit of 1339328?
3
What is the millions digit of 4355540?
4
What is the units digit of 1465827?
7
What is the tens digit of 2455135?
3
What is the hundreds digit of 8603977?
9
What is the hundred thousands digit of 35028543?
0
What is the hundred thousands digit of 983421?
9
What is the units digit of 768776?
6
What is the hundred thousands digit of 5729403?
7
What is the ten thousands digit of 283461?
8
What is the hundred thousands digit of 256746?
2
What is the hundreds digit of 1259363?
3
What is the tens digit of 302005?
0
What is the hundred thousands digit of 1236737?
2
What is the tens digit of 8597223?
2
What is the millions digit of 1145257?
1
What is the hundreds digit of 853286?
2
What is the thousands digit of 845174?
5
What is the hundred thousands digit of 641529?
6
What is the hundreds digit of 8676502?
5
What is the thousands digit of 42969?
2
What is the ten thousands digit of 23029?
2
What is the thousands digit of 431959?
1
What is the thousands digit of 1265355?
5
What is the hundreds digit of 496883?
8
What is the tens digit of 2595496?
9
What is the ten thousands digit of 5342186?
4
What is the units digit of 113784?
4
What is the units digit of 3536727?
7
What is the thousands digit of 322631?
2
What is the hundred thousands digit of 37251498?
2
What is the hundreds digit of 1917795?
7
What is the thousands digit of 21189089?
9
What is the ten thousands digit of 336910?
3
What is the ten thousands digit of 684973?
8
What is the hundreds digit of 567684?
6
What is the units digit of 1029821?
1
What is the hundred thousands digit of 20003213?
0
What is the units digit of 1401173?
3
What is the hundreds digit of 80755?
7
What is the tens digit of 1715855?
5
What is the ten thousands digit of 101020?
0
What is the ten thousands digit of 205965?
0
What is the thousands digit of 1872346?
2
What is the hundreds digit of 756107?
1
What is the hundred thousands digit of 292644?
2
What is the hundreds digit of 57193?
1
What is the units digit of 2399070?
0
What is the hundreds digit of 604189?
1
What is the tens digit of 15031416?
1
What is the thousands digit of 2482743?
2
What is the thousands digit of 5281733?
1
What is the millions digit of 2242653?
2
What is the units digit of 5000762?
2
What is the ten thousands digit of 18894275?
9
What is the hundred thousands digit of 202074?
2
What is the tens digit of 10703805?
0
What is the hundreds digit of 345069?
0
What is the hundreds digit of 10529567?
5
What is the units digit of 14436933?
3
What is the hundred thousands digit of 768662?
7
What is the units digit of 372115?
5
What is the thousands digit of 409006?
9
What is the thousands digit of 6828186?
8
What is the hundred thousands digit of 6343264?
3
What is the hundreds digit of 2448190?
1
What is the thousands digit of 408751?
8
What is the units digit of 1199522?
2
What is the units digit of 526405?
5
What is the thousands digit of 26843076?
3
What is the hundreds digit of 8465457?
4
What is the millions digit of 1327706?
1
What is the units digit of 382883?
3
What is the millions digit of 13337954?
3
What is the millions digit of 4801228?
4
What is the ten thousands digit of 325168?
2
What is the tens digit of 1100077?
7
What is the tens digit of 5506696?
9
What is the millions digit of 5570768?
5
What is the ten thousands digit of 3790030?
9
What is the hundreds digit of 4533130?
1
What is the units digit of 1288300?
0
What is the ten thousands digit of 2763689?
6
What is the hundred thousands digit of 12067216?
0
What is the hundreds digit of 577271?
2
What is the units digit of 5373167?
7
What is the tens digit of 307477?
7
What is the hundred thousands digit of 11844135?
8
What is the hundreds digit of 253897?
8
What is the hundreds digit of 411935?
9
What is the hundreds digit of 23101771?
7
What is the units digit of 3243990?
0
What is the tens digit of 2789723?
2
What is the ten thousands digit of 102173?
0
What is the tens digit of 9746272?
7
What is the millions digit of 16528333?
6
What is the hundred thousands digit of 1318638?
3
What is the thousands digit of 4871074?
1
What is the hundred thousands digit of 5207283?
2
What is the thousands digit of 26946?
6
What is the thousands digit of 353637?
3
What is the millions digit of 4604871?
4
What is the units digit of 52631?
1
What is the units digit of 294735?
5
What is the tens digit of 3932536?
3
What is the ten thousands digit of 3866540?
6
What is the tens digit of 12149352?
5
What is the thousands digit of 21650501?
0
What is the tens digit of 174530?
3
What is the units digit of 1228692?
2
What is the hundred thousands digit of 5858022?
8
What is the tens digit of 119705?
0
What is the millions digit of 8388089?
8
What is the thousands digit of 3666873?
6
What is the thousands digit of 746955?
6
What is the thousands digit of 83937?
3
What is the hundred thousands digit of 3041671?
0
What is the tens digit of 327486?
8
What is the hundred thousands digit of 761174?
7
What is the units digit of 64810?
0
What is the units digit of 2771202?
2
What is the